he hundreds digit of o?
3
Let b(g) = -g**3 + 0*g**3 + 4*g + 177 - 150 + 17*g**2. What is the units digit of b(17)?
5
What is the hundreds digit of (12/(-10))/(1101/(-10670525))?
6
Suppose 0*g = 5*g - 70. Let r(i) = 33 + g*i - 12 - 12. What is the tens digit of r(5)?
7
Suppose -2*t - 155 - 121 = 0. Let n = -106 - t. What is the tens digit of n?
3
Suppose 34*d - 38*d + 5310 = 2*n, -3*d = -3. What is the tens digit of n?
5
Let f = 2 - 2. Let r = -3209 + 3233. Suppose i - 40 - r = f. What is the tens digit of i?
6
Let z(r) = -1442*r - 1643. What is the hundreds digit of z(-11)?
2
Let t be 273/(-14)*6/(-9)*5. Suppose 0 = -69*b + t*b + 1580. What is the units digit of b?
5
Suppose -29 - 43 = -4*r. Let t = r + -14. Suppose -t*z - a + 393 = 164, -3*z - 4*a = -175. What is the tens digit of z?
5
Suppose -5*r - 3209 = -3*b, -4*b - 9*r = -6*r - 4298. What is the units digit of b?
3
Let g(u) = 0*u - 3*u + 8*u + 6 + 7*u. Let a be g(8). Let o = a - 50. What is the tens digit of o?
5
Let q(z) = -2*z - 1. Let m be q(0). Suppose -2*y + 29 = -19. What is the units digit of ((-14)/21)/(m/y)?
6
Let o be (4314/(-8))/(6/(-8)). Suppose o + 2369 = 16*r. What is the units digit of r?
3
Let b be (-2 - (-5)/2) + (-186)/12. What is the units digit of (141/4)/(b/(-200))?
0
Suppose -26204 = -5*d - 85829. What is the thousands digit of 3/((-2)/(-3) - (-7925)/d)?
1
Let a = -1881 + 3735. Suppose 10116 = 5*g - 4*r, -4*r - a = -4*g + 6238. What is the tens digit of g?
2
Suppose 29920 = 16*o + 16*o. What is the hundreds digit of o?
9
Let y be (58/(-12) - -5)*20*147. Let g = 1143 + y. What is the units digit of g?
3
Let a = 22 + -7. Let d(b) be the second derivative of b**4/12 - 2*b**3 - 21*b**2/2 - b + 133. What is the tens digit of d(a)?
2
Suppose y = -6*y + 350. Suppose 4*q + p - 23 = 0, 0*q + y = 5*q - 3*p. Suppose -q*j = -11*j + 620. What is the tens digit of j?
5
Suppose 0 = b + 98 + 94. Let h = 97 + b. Let u = h - -182. What is the units digit of u?
7
Let i be (-16)/(-8) - 3 - -4. Suppose 0 = o - 2*b - 498, -2*o + 663 = -5*b - 332. Suppose i*a = -2*a + o. What is the units digit of a?
0
Suppose -17*s + 2*s = -60. Suppose -5*z - 2*b + s*b + 1781 = 0, 4*z + 3*b = 1411. What is the units digit of z?
5
Suppose 0 = 630*o - 538*o - 2371944. What is the ten thousands digit of o?
2
Let y = 16643 - 8993. What is the tens digit of y?
5
Suppose -y + 2*w + 1 = w, 0 = 2*y + 2*w - 18. Suppose -3*t + 27 = -3*d, y*t + d - 7 = 2*t. Suppose t*s + 1704 = 12*s. What is the tens digit of s?
1
Suppose 0 = -6*g + 74926 + 452222. What is the tens digit of g?
5
Let z be (0 - (-2 - 9/(-6)))*6. What is the units digit of (215 - (z + -2)) + (-8)/(-2)?
8
Let s(d) = -20*d + 26. Let r be s(-1). Let l = 266 - r. What is the units digit of l?
0
Let v(d) be the third derivative of d**8/20160 + d**7/1260 + 13*d**5/60 - 9*d**2. Let n(g) be the third derivative of v(g). What is the units digit of n(5)?
5
What is the hundreds digit of -5 + 4446/15*15?
4
Let h be ((-3865)/(-20))/(5/20). Let a = h - 218. What is the tens digit of a?
5
Suppose o - 3 - 2 = 0. Suppose o*v + 1797 = 5*s - 498, -923 = -2*s - 3*v. Suppose -3*g + 460 = g + 3*d, s = 4*g - d. What is the units digit of g?
5
Suppose -4*x - 14 = -2*q + 68, x = 2*q - 70. Let l = 18 + q. What is the units digit of l?
1
Suppose -g = -5*g - d - 135, 3*g + 85 = -4*d. Let y(a) = a**2 - 36*a + 69. Let l be y(36). Let w = l + g. What is the tens digit of w?
3
Let q = 431 + -429. Suppose -854 = q*x - 2524. What is the tens digit of x?
3
Let m = -472 + 533. Suppose 613 - m = r - 3*y, 4 = -y. What is the tens digit of r?
4
What is the units digit of (672405/(-460))/((-3)/4)?
9
Suppose -2293 = -10*f + 90177. What is the thousands digit of f?
9
Suppose 0 = 11*w - 975 - 70. Let u = w + 182. What is the hundreds digit of u?
2
Let i = -181 - -256. Suppose 1650 = i*t - 69*t. What is the tens digit of t?
7
Let q = -121 - -121. Suppose q = -5*s + 10*s + 2*r - 1360, 2*s + 2*r = 538. What is the hundreds digit of s?
2
Let o = 26 + -23. Suppose 4*w = -2*b - 4, 0*b + 6 = o*b + 2*w. Suppose 0 = -4*n + 3*p + 207, b*n - 4*p = p + 217. What is the units digit of n?
8
Suppose -151*f + 145*f = 0. Suppose -o - 5*t = -3*o + 392, f = o - 4*t - 202. What is the hundreds digit of o?
1
What is the hundreds digit of ((-2)/(-5))/(446/30572185)?
4
Let x(w) = -14*w + 1514. What is the units digit of x(107)?
6
What is the units digit of (2 - 32/24)/((-3)/(-110133))?
4
Suppose 0 = 24*d - 552 - 2544. Let i(o) = -o**3 + o**2 - o - 3. Let p be i(-4). Suppose -d - p = -2*f. What is the hundreds digit of f?
1
Let o = 81617 + -55408. What is the ten thousands digit of o?
2
Let q = -10325 - -14927. What is the thousands digit of q?
4
Let p(z) = z**3 + 15*z**2 - 18*z - 36. Let d be p(-16). Let l be (5/((-70)/(-12)))/(d/(-14)). Suppose -6*u + 2178 = l*u. What is the hundreds digit of u?
2
Let q(o) = o**2 + o + 3. Let a be 4/(-8)*62*-2. Let t = a - 56. What is the units digit of q(t)?
5
Suppose -i = -4*k + 134, -8 - 319 = 3*i + 3*k. Let s = 469 + i. What is the units digit of s?
5
Let b = 36 - 16. Let o be 1 + 265/b - 2/8. Suppose -9*f - 325 = -o*f. What is the tens digit of f?
6
Let m(n) be the second derivative of -n**5/20 + 7*n**4/6 + 3*n**3 + 19*n**2 + 12*n + 3. What is the tens digit of m(12)?
4
Suppose f + 20 = 5*f. What is the tens digit of f*(4/18 - (-35196)/540)?
2
Suppose 79*y + 31959 = 1593710. What is the hundreds digit of y?
7
Let o(z) = 4*z + 88. Let v be o(-21). Suppose -4*s = 4*y - 1216, 6*s - 308 = -y + v*s. What is the tens digit of y?
0
Suppose -2*z + 510 = 2*k, k + 3*k = 5*z + 1002. Suppose -5*h = -4*m - 332, -m + 0*m + k = 4*h. Let a = h - -153. What is the tens digit of a?
1
Suppose 332*n = 81*n + 2120197. What is the hundreds digit of n?
4
Suppose 10 = 3*p - 2. Suppose 207 = -3058*d + 3081*d. Suppose 4*n + 790 = 5*q, d*n - 511 = -3*q + p*n. What is the tens digit of q?
6
Let m(t) = -33*t + 2. Let a(g) = 168*g + 3. Let s(r) = -a(r) - 5*m(r). Suppose -5*d + 63 = -8*d. What is the tens digit of s(d)?
5
What is the units digit of ((-28629)/2)/(96/(-64))?
3
Let z be (106/159)/(4/18). What is the tens digit of (z*179)/((-72)/(-120))?
9
Let a = 14476 + -8386. What is the hundreds digit of a?
0
Let c be ((-10)/4)/(3*(-4)/(-24)). What is the units digit of 1 + (-2522)/c + 42/70?
6
Let d be 2/(-16) - ((-3512)/(-64) + -3). Let u = 74 + d. What is the units digit of u?
2
Suppose 3*m + 59*m - 222335 = 9*m. What is the hundreds digit of m?
1
Let z be (-14)/(-6) - (-4)/6. Let q(l) = -l**3 + 5*l**2 - l + 1. Let m be q(z). Suppose -10*x - 1056 = -m*x. What is the units digit of x?
6
Suppose q - 162 = -51. Let y = 429 - q. What is the hundreds digit of y?
3
Let f be -3 - (-5 + 4) - 2. Let y be (13 + -15)*(-78)/f. What is the tens digit of (y/(-52))/(1/108)?
8
Let d be 7 + 0 + (4 - 4). Let l(k) = 22*k**2 + 15*k - 62. What is the units digit of l(d)?
1
Suppose -4*p = -5*u + 8824, -3*p + 8782 = -92*u + 97*u. What is the units digit of u?
0
Let d(a) = 24*a - 28 + 175 + 12 + 15*a. What is the tens digit of d(14)?
0
Let k = 102 - 50. Suppose -5*a + k = m - 65, 4*m - 3*a - 422 = 0. What is the tens digit of m?
0
Suppose -30*k = 16*k - 268013 - 46443. What is the units digit of k?
6
Suppose 148269 = 3*s + x, -98846 = -2*s + 7*x - 2*x. What is the tens digit of s?
2
Let w(m) be the first derivative of -13*m**2/2 + 15*m - 13. Let p(a) = 12*a - 16. Let u(k) = 6*p(k) + 5*w(k). What is the units digit of u(12)?
3
Let d be 0 + -3 - (2 + -2). Let n be 18/3 + d - (-23 - -2). Suppose -2*j + 226 = n. What is the tens digit of j?
0
Let q(p) = 14*p - 92. Let w be q(14). What is the units digit of 260/w*2144/10?
6
Let k be (5 - (-1 + 9))*(-698)/6. Let m = k + -211. Suppose -3*l + 174 = -m. What is the tens digit of l?
0
Let p = 7 + -56. Let q = 411 - p. What is the hundreds digit of q?
4
Let d(o) = 7*o**3 - 35*o**2 + 26*o + 29. What is the units digit of d(18)?
1
Let w be (-22)/(-6) - (-68)/(-102). Suppose w*j - 31 = 50. What is the tens digit of j?
2
Suppose -z - 5*z + 0*z = -92586. What is the tens digit of z?
3
Let u = -947 - -951. Suppose 2*x - 1424 = -u*s, 2*x + 11*s - 8*s - 1427 = 0. What is the hundreds digit of x?
7
Let k(q) = -7*q - 36. Let z be k(8). Suppose -9 = 3*r + 450. Let f = z - r. What is the units d